+ 32*r + 5. Let a(u) = -u**2 + 8*u + 1. Let h(t) = 9*a(t) - 2*w(t). What is h(n)?
11
Let s = 19 + -31. Let c be (85/15)/((-2)/s). Suppose 0 = 5*j - 3*t + c, t = -5*j + 3*t - 31. Let i(u) = -u**2 - 6*u + 2. What is i(j)?
7
Let b be (5 - 4/(-2))*1. Let w(d) = -d**2 + 6*d + 5. Calculate w(b).
-2
Let i(r) = 9*r - 4 + 9*r**2 - 4*r - 10*r**2. Suppose -2*p = -13 - 15. Let d = p + -10. What is i(d)?
0
Let a(s) = -s**2 + s - 6. Let f be a(0). Let p = 12 + f. Let h(c) = -c**2 + 6*c - 8. What is h(p)?
-8
Let v(s) = 5*s**2 + 6*s + 5. Let x(m) = -5*m**2 - 7*m - 6. Let q(k) = 5*v(k) + 4*x(k). Calculate q(-1).
4
Let s(f) = -19*f + 48*f - 30*f. Calculate s(-3).
3
Let s(c) = c + 2*c - 3*c + 5*c + c**2 + 1. Give s(-2).
-5
Let u be -4 - (2 - (1 - 0)). Let y(o) be the first derivative of -o**2/2 - 6*o - 15. Calculate y(u).
-1
Let s(y) be the third derivative of -y**4/12 - y**3/6 + 22*y**2. What is s(1)?
-3
Suppose -5*w + 13 = -12. Let t(q) = -q + 12. Give t(w).
7
Let i(q) = 4*q + 5. Let d be i(4). Let f(y) = -2*y**3 + y**3 - 5*y - 6 - d*y**2 + 27*y**2. Give f(5).
-6
Let w(n) = 0*n**2 + 5*n + 1 - 3*n - n**2. Let t = -39 - -43. What is w(t)?
-7
Let d(s) = s**2 + 5*s - 3. Let o be d(-6). Let x be ((-5)/3)/(1/o). Let y(u) = u**3 + 5*u**2 + u + 4. Calculate y(x).
-1
Suppose -4*o = -0*o + 20. Let f(k) = -2*k - 6. Let a be f(o). Let n(u) = 2*u**2 - 7*u + 6. What is n(a)?
10
Let o(t) = t**2 - 6*t + 5. Let p be o(6). Suppose 12 = -2*z + p*z. Suppose 3*h = 2*q - 5 + 12, -4*h = z. Let n(y) = y**2 + 5*y - 3. Determine n(q).
-3
Suppose 0 = -2*g + 7*g. Suppose g = 2*y - 3 - 7. Let r(c) = -c**2 + 3*c + 7. Determine r(y).
-3
Let k(p) = -p + 7. Let y(a) = a - 3. Let v be y(6). Give k(v).
4
Let c(j) = -j**2 - 4*j - 2. Let w(d) = 4*d - 3*d + 2*d - 1. Let k be (-1)/((-2 + 3)*1). Let i be w(k). Calculate c(i).
-2
Let n be (-4)/10 + (-18)/5. Let x(k) = -k**3 - 5*k**2 - 2*k + 4. Calculate x(n).
-4
Let s(h) = h**3 + 5*h**2 + 4*h + 2. Let n be s(-4). Let f(c) = 3*c**2 - 4*c**2 + 3*c - 4*c + 0*c**n. Let v = 2 - 3. Calculate f(v).
0
Let l(z) be the second derivative of -z**5/20 + 5*z**4/12 - z**3 + 3*z**2 - z. Let a = 24 - 16. Suppose -3*t = -a - 4. Calculate l(t).
-2
Let w be -2 + 9 + -1*4. Let g(p) = -p**3 + 3*p**2 + 4*p - 3. Determine g(w).
9
Suppose -1 - 9 = -10*l. Let c(m) = -m**3 + m**2 + m. Let x(i) = -6*i**3 - i**2. Let t(d) = c(d) + x(d). What is t(l)?
-6
Let n(c) be the first derivative of -c**4/4 + c**3/3 + c**2/2 - 3*c - 9. Determine n(0).
-3
Let z be 1*(-3)/(-2 + -1). Suppose k - 1 = z. Let t(d) = 2 + 16*d - 6*d - 3 - 6*d. Determine t(k).
7
Let b(c) be the second derivative of 11*c**5/20 - c**4/12 - c**3/3 - c**2/2 - 11*c. Calculate b(-1).
-11
Let l(i) = i**2 + i - 2. Let t = 7 - 7. Give l(t).
-2
Suppose l = 3*m - 2, 2*m + 3*l - 11 - 5 = 0. Let p(q) = -q**3 + 6*q**2 - 3*q. Give p(m).
10
Let t be (-1 - 0/(-2)) + 4. Suppose 20 = -2*z - t*z. Let l(x) = -x - 4. Calculate l(z).
0
Suppose b + 5*c = 4*b - 22, -4*b - 3*c - 19 = 0. Let v(z) = 4*z**3 - z**2. What is v(b)?
-5
Suppose 7*r = 6*r - 1. Let p(q) = 5*q**2 - 1. Give p(r).
4
Let u = -8 + 10. Let i(l) = -4*l - 2. Calculate i(u).
-10
Suppose -4*u + 9*u = 0. Let l(p) = -p. Determine l(u).
0
Let l(s) be the first derivative of -s**3/3 - 3*s**2 - 3*s + 3. What is l(-5)?
2
Let k(t) be the second derivative of -t**4/6 - t**3/6 - t**2 - t. Suppose 4*y - 8*y - 8 = 0. Give k(y).
-8
Let r(t) be the second derivative of t**4/12 + 2*t**3/3 + 2*t**2 + 5*t. Determine r(-4).
4
Suppose -5*b + 4*c - c = -2, 4*b + 4 = c. Let j(x) = -x**3 - 2*x**2 - 3*x - 1. Determine j(b).
5
Let w(k) be the second derivative of k**3 - 73*k**2 + 4*k + 73*k**2. Give w(1).
6
Let n(g) = -1 + g + 2 + 0*g - g**3 - 5*g**2 + 3. Determine n(-5).
-1
Suppose 0 = -8*u - 3*u + 33. Let z(v) = -v + 4. Give z(u).
1
Let i(n) = -2*n**3 + 2*n**2 + n. Let y(o) = -o**2 - 4*o - 2. Let z(j) = 1. Let l be ((-3)/(-4))/((-6)/24). Let d(c) = l*z(c) - y(c). Let t be d(-4). Give i(t).
3
Let n(m) = 5*m**3 + 14*m**2 - 2 + 5*m + 1 - 4*m**3 - 21*m**2 + 0*m. Let a(w) = -w**2 - w + 6. Let f be a(0). Give n(f).
-7
Let m = 24 + -12. Let k be (16/m)/4*-3. Let c(p) = 10*p**2 - p. Give c(k).
11
Suppose -u + 2*u = 2. Suppose -5*c = u*a + 12, a + 3*c + 3 = -3. Let l(r) = -r - 10. Give l(a).
-4
Let j(q) = 8 - 13 + 2*q + 9. Give j(-3).
-2
Let c(g) be the first derivative of g**3 + g**2/2 + 3. Give c(2).
14
Let w(l) = -l**3 - 3*l**2 + 4*l + 4. Suppose 30 = 4*x + x. Let u be -2 - ((0 - x) + 1). Suppose -5*c = -6*c - u. What is w(c)?
-8
Let p(t) = t**3 - t**2 - 2*t - 6. Let h be p(0). Let y(f) = -f + 6. Determine y(h).
12
Let a be (-658)/(-11) - 4/(-22). Let x be 4/(-6)*a/(-8). Let b(t) = -t**3 + 6*t**2 - 6*t + 2. Determine b(x).
-3
Let q(v) = -4*v**2 + 3*v**2 + 0*v + 2*v. Suppose 12 = 4*g + 4. What is q(g)?
0
Let j = 17 - 24. Let z = j + 9. Let h(q) = 6*q - 1 - 1 - q. What is h(z)?
8
Let p = -148 + 144. Let a(r) = -r**3 - 3*r**2 + 2*r - 3. What is a(p)?
5
Let l(w) = -4 - 1 - 2*w - 2*w**3 + 6 + 3*w**2 + 1. Let r(j) = -j + 12. Let v be r(10). Determine l(v).
-6
Suppose -q - 8 = -4. Let o(i) = -4*i. What is o(q)?
16
Let j(r) be the second derivative of r**3 + r**2/2 - r. Let y(x) = 2*x + 25. Let c be y(-12). What is j(c)?
7
Suppose -b - 8 + 3 = 0, 22 = x - 5*b. Let j(n) be the first derivative of -n**3/3 - n**2/2 + 4*n + 4. Give j(x).
-2
Let p(v) = 2*v + 2. Let d be p(-2). Let b(g) = -4*g**2 - 3*g - 5 + g**3 + 3 - 3*g**3 + g**2. Determine b(d).
8
Suppose 4*c - 12 = c. Let k(a) = 7*a + 10 - c*a + 2 - 3. Calculate k(-6).
-9
Let f(a) = a + a**2 + 7*a**3 + 12 + 0*a**2 - 12. Give f(-1).
-7
Let n(w) = 8*w**2 + w + 10. Let r(l) = 7*l**2 + 9. Let h(q) = 6*n(q) - 7*r(q). What is h(6)?
-3
Let y(u) = -u - 1. Let c = -15 + 20. Let b = -5 + c. Give y(b).
-1
Let q be (-6)/(3 + (-7)/3). Let r(u) = u**2 + 8*u + 2. What is r(q)?
11
Let b(z) = 8*z + 53*z**2 - 21*z**2 - 4 - 17*z**2 - 16*z**2. Determine b(4).
12
Let n(c) = -c + 1. Let f(l) = 2*l**3 - 3*l**2 + 1. Let d be f(2). Suppose 3*g = 4*k - 19, -g + 0*g + d*k - 10 = 0. Give n(g).
6
Let v(k) = 3*k**2 - 2*k - 2. Let o = -17 - -14. Let j = o - -5. Determine v(j).
6
Let c = 7 - 3. Suppose -24 = -4*b + 6*u - 2*u, -b + c*u = -12. Let l(r) = -3*r + 1. Determine l(b).
-11
Let f = -5 - -3. Suppose 0 = -3*b + 8*b + 10. Let i = b - f. Let s(d) = d**3 - d + 6. Give s(i).
6
Let p(l) be the second derivative of l**5/20 - l**4/3 - l**3/3 + 3*l**2/2 - 13*l. Determine p(3).
-12
Let s(q) be the first derivative of -2*q**3/3 - q**2/2 - 2*q - 26. Calculate s(-3).
-17
Let n(j) be the second derivative of -j**4/12 - j**3/6 + 22*j. Calculate n(-1).
0
Let i(v) be the first derivative of -v**3/6 - 9*v**2/2 - 2*v - 3. Let h(a) be the first derivative of i(a). Give h(-4).
-5
Let j(d) be the second derivative of 1/2*d**3 + 0 + 2*d**2 + 5*d. Let h(k) = -k**2 - 2*k + 5. Let o be h(-4). Give j(o).
-5
Let a(m) = m**3 - 5*m**2 + 5*m + 1. Let q be a(4). Let p(w) = -w**3 + 5*w**2 - w + 1. Determine p(q).
-4
Let r = 6 + -1. Let x(z) = z**3 - 7*z**2 + 6*z + 5. What is x(r)?
-15
Let l(v) = -2*v - 8 - 8 + 12 + 5*v**2 - v**3. Suppose 4*r + 8 = j + 6*r, -4*j + r + 14 = 0. Determine l(j).
4
Let i(a) = -a - 11. Let p be i(-12). Let n(d) = -d**2 - d - 1. Let s(l) = 2*l**2 + 8*l + 5. Let k(w) = p*s(w) + 3*n(w). Give k(4).
6
Let p(a) = -4*a + 0*a**3 - 5*a**2 - 2*a**3 + a**3. Give p(-3).
-6
Let v(p) be the first derivative of -p**2/2 - 6*p - 1. Let q(g) = -g**3 - 7*g**2 - 8*g - 9. Let b be q(-6). Suppose x + b = -2. Calculate v(x).
-1
Let v(i) = -i**2 - 3*i + 1. Let o(d) = -d + 3. Let u be o(6). What is v(u)?
1
Let m(q) be the third derivative of q**2 + 0*q - 1/12*q**4 + 1/6*q**3 + 0 - 1/20*q**5. Suppose 4*l = l + 3. What is m(l)?
-4
Suppose -2*o + 0 = 8. Suppose -6 - 10 = 4*x. Let f(w) = 5*w**2 - w - 6. Let a(z) = z**2 - z - 1. Let i(v) = x*a(v) + f(v). Determine i(o).
2
Suppose -5*b + 10 + 0 = 0. Let s(g) = -2*g - g**2 - g**2 + 0*g + 5*g**b. Determine s(2).
8
Suppose -v + 2*x + 0 - 3 = 0, -3*v - 4*x + 21 = 0. Let n(d) be the first derivative of -d**4/4 + 4*d**3/3 - d**2 + 3*d + 14. Give n(v).
6
Let t = -1 - -2. Let y(g) = 3 + 0 - 6*g + 2 - t + g**2. Determine y(5).
-1
Let z(q) be the second derivative of -q**4/6 + 2*q**3/3 - q**2 + 15*q. Give z(3).
-8
Suppose -4*m + 20 = m. Suppose 0 = -2*g - g + 18. Suppose 5*l + 